 be (13/13)/(((-1)/(-4))/1). Let h(w) = -w**2 + 3*w + 1. Give h(s).
-3
Let q(c) = -c**3 - 3*c**2 + 3*c + 6. Let x = 22 + -26. Determine q(x).
10
Let t = -1 - -3. Suppose 1 - 11 = -t*o. Let a(q) = -q**2 + 6*q - 4. Calculate a(o).
1
Let p = 3 - 4. Let l(z) = 8*z - 1. What is l(p)?
-9
Let i(a) = 11*a**2 + 26*a - 1. Let f(q) = -14*q + 4*q - 7*q + 1 - 5*q**2 - 2*q**2. Suppose 15 + 25 = 5*v. Let t(g) = v*f(g) + 5*i(g). Give t(-5).
8
Let l(d) = -d**2 - 4*d + 7. Let t be l(-6). Suppose -5*c + 7 = -18. Let b(a) = 3 - c + 3*a - 3 + a**2. Determine b(t).
5
Let x(c) be the first derivative of c**3/3 - 3*c**2 + 6*c - 38. Give x(5).
1
Let b(j) = -3 + 0*j**2 + j**2 + j**3 + 0*j**2 + 0 + 5. Let v = -8 + 6. Let l be v/(-4)*(-8)/2. Give b(l).
-2
Let s(i) = i + 12. Let b be s(-11). Let r(a) = 11*a**2 - 2*a + 1. What is r(b)?
10
Suppose -2*a = -7*a - 25. Let u(g) = -g**2 - 5*g + 12. Let p be u(-6). Let n = p + a. Let q(y) = 4*y**3 + 2*y - 1. Give q(n).
5
Let s(c) be the second derivative of -c**5/40 - c**3/3 - c. Let z(u) be the second derivative of s(u). Determine z(1).
-3
Let w(y) = -5*y + 3*y + 4*y**2 - 8*y**2 - 6 - y**3 + 5*y. What is w(-5)?
4
Let q(o) = o**2 + 3*o - 4. Let f be q(-3). Let j(d) = -d**2 - d. Let v be j(-2). Let b = f - v. Let s(h) = -3*h - 3. Give s(b).
3
Let s(k) be the second derivative of k**3/6 + k**2 - 13*k. Give s(-5).
-3
Let i(u) be the third derivative of u**8/10080 - u**7/1680 - u**6/720 + u**5/15 - 4*u**2. Let s(q) be the third derivative of i(q). What is s(3)?
8
Let k(t) = -t**2 + 11*t - 13. Let f be k(9). Let c be (-3 + 2)/((-1)/3). Let w(p) = -5*p**2 + p**2 + 5*p + 2 + c*p**2. Determine w(f).
2
Let t(h) = -h**3 + h**2 - h + 1. Let y be ((-68)/(-16))/((-1)/4). Let u = y + 12. Let m = 7 + u. What is t(m)?
-5
Let k(q) = q**2 + 3*q**2 - q**2 + 3*q - 2*q**2. Let a = -10 + 5. What is k(a)?
10
Let d(t) = t + 2. Let s be d(-5). Let i = 0 + 2. Let v(o) = -o - 3*o**i - o**3 - 3*o + 3*o. What is v(s)?
3
Let k(r) be the first derivative of -r**3/3 + 4*r - 1. Let s be k(0). Let h(n) = -3*n + n**2 + n**3 - 6*n**2 + 9*n - 5. What is h(s)?
3
Let v = -66 + 67. Let h(i) = 19*i. What is h(v)?
19
Let d(o) be the first derivative of o**6/120 + o**5/12 + o**4/8 - o**3/6 - 3*o**2/2 + 2. Let p(f) be the second derivative of d(f). What is p(-4)?
3
Let j(m) = -m**2 + 269*m**3 + 2*m + 2*m**2 - 268*m**3. What is j(-2)?
-8
Suppose 0 = f - 4 - 1. Let m(u) = -5*u + 0*u + 1 + 4*u. Calculate m(f).
-4
Let l(j) = -2 - 3*j - 1 + 0*j. Let a(q) = -2*q - 4. Let b(f) = -4*a(f) + 3*l(f). Suppose 0 = 15*v - 14*v - 3. Give b(v).
4
Let x(d) = 2*d. Let s = -37 - -33. Give x(s).
-8
Let h(w) = -6*w + 3. Suppose 2*m + 2*l = -12, 10 = -3*m - 2*l + 3*l. Determine h(m).
27
Let g(n) = -n**3 + 2*n**2 + n + 3. Suppose 3*l + 2*l = 15. Give g(l).
-3
Let j(s) = s**3 + 7*s**2 - 2*s - 3. Let z(v) = -v**2 + 6*v + 20. Let l be z(9). Give j(l).
11
Let m(s) = -2*s - 9. Let a(b) = -2*b + 11. Let f be a(9). Give m(f).
5
Let r(c) = -c**2. Let k be (-6)/2*6/(-9). Suppose t = 2*t + k. What is r(t)?
-4
Suppose 4*d + 27 = 9*d + 2*o, d - 4 = o. Let z(v) be the second derivative of -v**3/3 + 7*v**2/2 - v. Determine z(d).
-3
Suppose 0 = -2*x, 4*b + x - 3 + 23 = 0. Let m(r) be the third derivative of r**6/120 + r**5/10 + 5*r**4/24 - r**3 - 3*r**2. Calculate m(b).
-6
Let p(k) = -k**3 + 4*k**2 - 2*k + 1. Let l = -5 + 3. Let f be -2*(-57)/(-12)*l. Suppose 0 = t + 4*t - 5*v - 10, -f = -5*t - 4*v. Determine p(t).
4
Let h(o) = -2*o + 7. Suppose -3 = -g + 2. Give h(g).
-3
Suppose 0 = u + 3, -8*x - u = -4*x - 13. Let g(w) be the third derivative of -1/3*w**3 + 1/60*w**5 + 0 + 0*w + w**2 - 1/6*w**x. Calculate g(5).
3
Let j(w) = -4*w**2 - 2*w - 2. Let q = 70 + -72. What is j(q)?
-14
Let h be (-85)/20 - 2/(-8). Let b = h - -6. Let t(l) = 4 - l**b + 5*l - 2*l - 2*l. Determine t(4).
-8
Let l(m) = 2*m**2 - 7*m + 10*m + 2*m + m + 2. Give l(-4).
10
Let c(w) = -5 - 3 + 6 + 1 + 5*w. What is c(-3)?
-16
Let y(i) = 7*i. Let n(o) = -o**2 + 1. Let j be n(-1). Suppose j = 5*p - 0 - 30. Let l be (5 - p) + (3 - 1). Calculate y(l).
7
Let o(g) = g**2 - 2*g - 3. Let b be 2/((-3 - 0)/18). Let j be (-4)/(-24) + (-34)/b. Give o(j).
0
Let d(h) be the first derivative of h**3 + 1 + 1/2*h**2 - 3*h. Let w(f) = -7*f**2 - 2*f + 5. Let i(b) = 5*d(b) + 3*w(b). Determine i(-1).
-5
Suppose 6*n - n = -15. Let y = n + 1. Let d(a) = a - 4*a + 1 + a. Determine d(y).
5
Let k(c) = c**2 + 5*c - 3. Let s be (-9)/(-12) - (-27)/(-4). What is k(s)?
3
Let y(m) = -m - 17. Let q(j) = j + 18. Let c(n) = -6*q(n) - 7*y(n). Let w be c(-9). Let g(a) = 0*a**w - a**2 + 4 - 6*a - 2 + 3*a. Determine g(-4).
-2
Let j(i) = i**2 - 2*i + 5. Let s be j(4). Let x = s - 10. Let w(k) = -k**3 + 5*k**2 - 3*k - 1. Calculate w(x).
8
Suppose -2*t = -0*t + 14. Let z = -2 - t. Let a(c) = -c. Calculate a(z).
-5
Let r(b) = -b. Let x(s) = s**2 - s - 1. Let g(w) = 4*r(w) - x(w). Suppose 6*f + 5*h = f - 20, 0 = -2*f - 3*h - 10. Calculate g(f).
3
Let a = -3 + 1. Let w be 2 + -1 + a - -12. Let l = w + -6. Let f(s) = -s**2 + 4*s + 6. What is f(l)?
1
Let y(n) be the first derivative of -1 + 2*n + 2*n**2 + 4/3*n**3. Calculate y(-2).
10
Let m(y) = 7*y + 1. Suppose 0 = -c - 5*s - 3 + 4, 4 = 4*c + 3*s. Give m(c).
8
Let b(g) be the third derivative of -g**6/120 - g**5/15 + g**4/6 - 7*g**3/6 - 2*g**2. Suppose 0 = -a - 0*a - 7. Let z = -12 - a. Give b(z).
-2
Let t(h) = 2*h**3 + h**2 - h + 2. Suppose 0 = 2*f + 4, 0*a + 4*a - f = 14. Let x(o) = -2*o**a - 1 + 3*o**3 + 2. Let g(q) = -t(q) + 3*x(q). Give g(2).
7
Let f(y) = y**2 + 7*y - 10. Let i(x) = -x**2 - 8*x + 11. Let j(s) = -6*f(s) - 5*i(s). Suppose 16 = -8*m - 16. Give j(m).
-3
Let z(r) = -r**3 - 4*r**2 + 5*r - 1. Suppose 2 = -4*b + 14. Let u(v) = -4 + 2 - v**b + 9*v - 4*v**2 - 3*v**2. Let o(a) = 4*u(a) - 7*z(a). Determine o(1).
3
Let b(q) = 4*q + 3. Let d(c) = c + 8. Let t be d(-11). What is b(t)?
-9
Let x(a) = a. Let w(r) = -2. Let g(c) = w(c) + 3*x(c). Calculate g(-3).
-11
Let r(g) = 2*g + 1 - 3 + 1. Let v be 0 + 3*(-1 + 0). Give r(v).
-7
Let s(b) = -2*b - 3. Let a(y) = y**2 - 5*y + 9. Let f be a(4). Let n be ((-1)/(-2))/(2/12). Suppose -u + 2*o + f = 0, -4*u + n*o = o + 10. What is s(u)?
7
Let j(o) = o**2 - 4*o + 4. Let u be j(3). Let x(q) be the second derivative of q**5/20 + q**4/6 - q**3/6 + 3*q. Give x(u).
2
Let f(v) = -2*v**3 + 3*v**2 - 2*v + 3. Suppose g - 22 = -g. Suppose -5*p + h = g + 13, -2*h = 2. Let q = -3 - p. Give f(q).
-5
Let x(j) = 5*j + 30. Let t(o) = o + 7. Let h(i) = 9*t(i) - 2*x(i). Give h(11).
-8
Let m(r) = -r - 3. Suppose 0 = -3*h - 9. Calculate m(h).
0
Let n = 4 - 3. Let v(q) = -q + 2. Let y be v(n). Let j(s) = 9*s**3 - s**2 + 1. Determine j(y).
9
Let r(f) = 4*f**2 - 2*f - 2. Let l = 5 - 3. What is r(l)?
10
Let o(w) = -7*w**2 - w. Let t(k) = -2*k - 2. Let x be t(-3). Suppose -3*l + 2 = -5*q, -q - 1 = -x*l - 4. What is o(q)?
-6
Let u(z) = -3 + 2 + 3 + 2 + z. Determine u(-5).
-1
Let z(l) be the first derivative of l**2/2 + 3*l + 5. Let u be z(0). Let r(v) = -4*v + 1. Let t(o) = 28*o - 8. Let p(x) = -20*r(x) - 3*t(x). Determine p(u).
-8
Let l(b) = 4*b - b**2 + 0*b**2 - 6 + 7 - 2. Determine l(3).
2
Suppose -12 = -2*y - 2*y. Let s(k) = 3*k**2 - 4*k - 4 + 0*k**2 - 2*k**2 + y*k. What is s(-3)?
8
Let w be (-3)/(-2)*(-2 - -4). Suppose w*l = -3*y + 4 - 1, l = y + 5. Let q(n) = -n**3 + 2*n**2 + 4*n - 4. Determine q(l).
-1
Suppose 0*z = -7*z - 7. Let y(x) = -4*x + 1. Calculate y(z).
5
Let y(o) = 4*o**2 - 8*o + 1. Let s = -9 + 8. Let x(b) = -3*b**2 - 2*b**2 + b + 4*b**2. Let d(j) = s*y(j) - 5*x(j). Determine d(-4).
3
Let g(u) = -u**2 + 12*u - 8. Suppose -3 = 3*i - 39. Give g(i).
-8
Let z = -2 + 1. Let r(p) = p. Let g(h) = -h**2 - 8*h - 6. Let i(v) = z*g(v) - r(v). Suppose 5*f - 9 = 4*a - 30, -4*f + 5*a - 15 = 0. Give i(f).
-4
Let o(h) be the second derivative of -h**4/12 - 4*h**3/3 - 7*h**2/2 + 7*h. Give o(-6).
5
Let l(c) be the first derivative of -c**3/3 - c**2/2 - 4. Suppose -4*x - 21 = -2*n - n, -4*n + 9 = x. Give l(n).
-12
Let h(r) = -7*r + 14*r - r**2 + 60 - 65. Let l(q) = -6*q**3 + 3*q**2 + 4. Let u(t) = t**2 + 1. Let g(o) = l(o) - 4*u(o). Let a be g(-1). What is h(a)?
5
Let d(c) be the first derivative of -5*c - 4 + 1/2*c**2. Determine d(5).
0
Let n(l) be the third derivative of l**5/60 - l**4/24 + l**3/3 - 11*l**2. Give